{"id":3413,"date":"2023-10-13T18:04:06","date_gmt":"2023-10-13T23:04:06","guid":{"rendered":"https:\/\/empaquesplasticosprofesional.com\/?post_type=product&#038;p=3413"},"modified":"2025-01-16T18:58:31","modified_gmt":"2025-01-16T23:58:31","slug":"plana-acanalada-premium","status":"publish","type":"product","link":"https:\/\/empaquesplasticosprofesional.com\/index.php\/producto\/plana-acanalada-premium\/","title":{"rendered":"Plana Acanalada Premium"},"content":{"rendered":"","protected":false},"excerpt":{"rendered":"<p>Dimensiones<br \/>\nAltura: 25 cm<br \/>\nAncho: 40 cm<br \/>\nLargo: 60 cm<\/p>\n<p>Peso<br \/>\n2400 gr.<\/p>\n<p>La canasta pl\u00e1stica Plana o Fruver es un producto fabricado en Polietileno de Alta densidad caracteriz\u00e1ndose por su alta resistencia al impacto, a la tensi\u00f3n de carga y de f\u00e1cil manejo.<br \/>\nEsta canasta puede ser fabricada en diferentes gamas de colores y cuenta con un espacio de 10cm x 5cm para personalizar seg\u00fan la necesidad del cliente, ya sea por estampado o por inyecci\u00f3n.<\/p>\n<p>Este producto puede ser utilizado en diferentes industrias y negocios para la recolecci\u00f3n, empaque, embalaje, almacenamiento y transporte de frutas, verduras, c\u00e1rnicos, l\u00e1cteos y otras comercializadoras donde la capacidad de almacenamiento y resistencia de la canasta sea apta.<\/p>\n<h3>Descarga nuestra Ficha T\u00e9cnica de Producto: \u00a0 <a href=\"https:\/\/empaquesplasticosprofesional.com\/wp-content\/uploads\/2021\/12\/PC-6025.pdf\">PC-6025<\/a><\/h3>\n","protected":false},"featured_media":3414,"template":"","meta":[],"product_cat":[60,171],"product_tag":[],"class_list":["post-3413","product","type-product","status-publish","has-post-thumbnail","hentry","product_cat-canastillas","product_cat-plana-o-fruver"],"acf":[],"_links":{"self":[{"href":"https:\/\/empaquesplasticosprofesional.com\/index.php\/wp-json\/wp\/v2\/product\/3413","targetHints":{"allow":["GET"]}}],"collection":[{"href":"https:\/\/empaquesplasticosprofesional.com\/index.php\/wp-json\/wp\/v2\/product"}],"about":[{"href":"https:\/\/empaquesplasticosprofesional.com\/index.php\/wp-json\/wp\/v2\/types\/product"}],"wp:featuredmedia":[{"embeddable":true,"href":"https:\/\/empaquesplasticosprofesional.com\/index.php\/wp-json\/wp\/v2\/media\/3414"}],"wp:attachment":[{"href":"https:\/\/empaquesplasticosprofesional.com\/index.php\/wp-json\/wp\/v2\/media?parent=3413"}],"wp:term":[{"taxonomy":"product_cat","embeddable":true,"href":"https:\/\/empaquesplasticosprofesional.com\/index.php\/wp-json\/wp\/v2\/product_cat?post=3413"},{"taxonomy":"product_tag","embeddable":true,"href":"https:\/\/empaquesplasticosprofesional.com\/index.php\/wp-json\/wp\/v2\/product_tag?post=3413"}],"curies":[{"name":"wp","href":"https:\/\/api.w.org\/{rel}","templated":true}]}}

<p>Dimensiones<br />
Altura: 25 cm<br />
Ancho: 40 cm<br />
Largo: 60 cm</p>
<p>Peso<br />
2400 gr.</p>
<p>La canasta plástica Plana o Fruver es un producto fabricado en Polietileno de Alta densidad caracterizándose por su alta resistencia al impacto, a la tensión de carga y de fácil manejo.<br />
Esta canasta puede ser fabricada en diferentes gamas de colores y cuenta con un espacio de 10cm x 5cm para personalizar según la necesidad del cliente, ya sea por estampado o por inyección.</p>
<p>Este producto puede ser utilizado en diferentes industrias y negocios para la recolección, empaque, embalaje, almacenamiento y transporte de frutas, verduras, cárnicos, lácteos y otras comercializadoras donde la capacidad de almacenamiento y resistencia de la canasta sea apta.</p>
<h3>Descarga nuestra Ficha Técnica de Producto:   <a href="https://empaquesplasticosprofesional.com/wp-content/uploads/2021/12/PC-6025.pdf">PC-6025</a></h3>
