{"id":3054,"date":"2022-02-11T10:14:58","date_gmt":"2022-02-11T15:14:58","guid":{"rendered":"https:\/\/empaquesplasticosprofesional.com\/?post_type=product&#038;p=3054"},"modified":"2026-01-14T17:37:26","modified_gmt":"2026-01-14T22:37:26","slug":"semi-bultera-acanalada-rf-pc6030","status":"publish","type":"product","link":"https:\/\/empaquesplasticosprofesional.com\/index.php\/producto\/semi-bultera-acanalada-rf-pc6030\/","title":{"rendered":"SemiBultera Acanalada"},"content":{"rendered":"","protected":false},"excerpt":{"rendered":"<p>Dimensiones<br \/>\nAltura: 30 cm<br \/>\nAncho: 40 cm<br \/>\nLargo: 60 cm<\/p>\n<p>Peso: 2300 gr.<\/p>\n<p>La canasta pl\u00e1stica Semibultera es un producto fabricado en polietileno de alta<br \/>\ndensidad ideal para productos de mediana y alta altura, muy vers\u00e1til para estanter\u00eda en espacios como fruver&#8217;s, herramienta y dem\u00e1s comercializadoras donde su capacidad de almacenamiento y resistencia sea apta.<br \/>\nIdonea para recolecci\u00f3n, empaque, embalaje, almacenamiento y transporte de fr\u00fatas, lacteos, verduras y carnicos.<br \/>\nBrinda transporte higi\u00e9nico, es practica, lavable y resistente a cambios de temperatura<\/p>\n<h3>Descarga nuestra Ficha T\u00e9cnica de Producto: \u00a0 <a href=\"https:\/\/empaquesplasticosprofesional.com\/wp-content\/uploads\/2022\/02\/PC-6030.pdf\">PC-6030<\/a><\/h3>\n","protected":false},"featured_media":3373,"template":"","meta":[],"product_cat":[60,176],"product_tag":[],"class_list":["post-3054","product","type-product","status-publish","has-post-thumbnail","hentry","product_cat-canastillas","product_cat-semibultera"],"acf":[],"_links":{"self":[{"href":"https:\/\/empaquesplasticosprofesional.com\/index.php\/wp-json\/wp\/v2\/product\/3054","targetHints":{"allow":["GET"]}}],"collection":[{"href":"https:\/\/empaquesplasticosprofesional.com\/index.php\/wp-json\/wp\/v2\/product"}],"about":[{"href":"https:\/\/empaquesplasticosprofesional.com\/index.php\/wp-json\/wp\/v2\/types\/product"}],"wp:featuredmedia":[{"embeddable":true,"href":"https:\/\/empaquesplasticosprofesional.com\/index.php\/wp-json\/wp\/v2\/media\/3373"}],"wp:attachment":[{"href":"https:\/\/empaquesplasticosprofesional.com\/index.php\/wp-json\/wp\/v2\/media?parent=3054"}],"wp:term":[{"taxonomy":"product_cat","embeddable":true,"href":"https:\/\/empaquesplasticosprofesional.com\/index.php\/wp-json\/wp\/v2\/product_cat?post=3054"},{"taxonomy":"product_tag","embeddable":true,"href":"https:\/\/empaquesplasticosprofesional.com\/index.php\/wp-json\/wp\/v2\/product_tag?post=3054"}],"curies":[{"name":"wp","href":"https:\/\/api.w.org\/{rel}","templated":true}]}}

<p>Dimensiones<br />
Altura: 30 cm<br />
Ancho: 40 cm<br />
Largo: 60 cm</p>
<p>Peso: 2300 gr.</p>
<p>La canasta plástica Semibultera es un producto fabricado en polietileno de alta<br />
densidad ideal para productos de mediana y alta altura, muy versátil para estantería en espacios como fruver&#8217;s, herramienta y demás comercializadoras donde su capacidad de almacenamiento y resistencia sea apta.<br />
Idonea para recolección, empaque, embalaje, almacenamiento y transporte de frútas, lacteos, verduras y carnicos.<br />
Brinda transporte higiénico, es practica, lavable y resistente a cambios de temperatura</p>
<h3>Descarga nuestra Ficha Técnica de Producto:   <a href="https://empaquesplasticosprofesional.com/wp-content/uploads/2022/02/PC-6030.pdf">PC-6030</a></h3>
