{"id":3051,"date":"2022-02-11T09:57:30","date_gmt":"2022-02-11T14:57:30","guid":{"rendered":"https:\/\/empaquesplasticosprofesional.com\/?post_type=product&#038;p=3051"},"modified":"2026-01-14T17:38:06","modified_gmt":"2026-01-14T22:38:06","slug":"tapa-cerrada-60-x-40","status":"publish","type":"product","link":"https:\/\/empaquesplasticosprofesional.com\/index.php\/producto\/tapa-cerrada-60-x-40\/","title":{"rendered":"Tapa Cerrada 60&#215;40"},"content":{"rendered":"","protected":false},"excerpt":{"rendered":"<p>Dimensiones<br \/>\nAltura: 2,2 cm<br \/>\nAncho: 40 cm<br \/>\nLargo: 60 cm<\/p>\n<p>Peso: 950 gr.<\/p>\n<p>La tapa pl\u00e1stica EPP-6040 es un producto fabricado en polietileno de alta densidad con alta resistencia al impacto, a la tensi\u00f3n y de f\u00e1cil manejo. Este producto puede ser utilizado en las diferentes canastas pl\u00e1sticas cuyas dimensiones sean de 60 cm de Largo x 40 cm de Ancho tales como la Plana, Tres Cuartos, Morera Bultera y Semibultera.<\/p>\n<h3>Descarga nuestra Ficha T\u00e9cnica de Producto: \u00a0 <a href=\"https:\/\/empaquesplasticosprofesional.com\/wp-content\/uploads\/2022\/02\/EPP-6040.pdf\">EPP-6040<\/a><\/h3>\n","protected":false},"featured_media":3335,"template":"","meta":[],"product_cat":[174,60,173,171,176,175],"product_tag":[],"class_list":["post-3051","product","type-product","status-publish","has-post-thumbnail","hentry","product_cat-bultera","product_cat-canastillas","product_cat-morera-o-panera","product_cat-plana-o-fruver","product_cat-semibultera","product_cat-trescuartos"],"acf":[],"_links":{"self":[{"href":"https:\/\/empaquesplasticosprofesional.com\/index.php\/wp-json\/wp\/v2\/product\/3051","targetHints":{"allow":["GET"]}}],"collection":[{"href":"https:\/\/empaquesplasticosprofesional.com\/index.php\/wp-json\/wp\/v2\/product"}],"about":[{"href":"https:\/\/empaquesplasticosprofesional.com\/index.php\/wp-json\/wp\/v2\/types\/product"}],"wp:featuredmedia":[{"embeddable":true,"href":"https:\/\/empaquesplasticosprofesional.com\/index.php\/wp-json\/wp\/v2\/media\/3335"}],"wp:attachment":[{"href":"https:\/\/empaquesplasticosprofesional.com\/index.php\/wp-json\/wp\/v2\/media?parent=3051"}],"wp:term":[{"taxonomy":"product_cat","embeddable":true,"href":"https:\/\/empaquesplasticosprofesional.com\/index.php\/wp-json\/wp\/v2\/product_cat?post=3051"},{"taxonomy":"product_tag","embeddable":true,"href":"https:\/\/empaquesplasticosprofesional.com\/index.php\/wp-json\/wp\/v2\/product_tag?post=3051"}],"curies":[{"name":"wp","href":"https:\/\/api.w.org\/{rel}","templated":true}]}}

<p>Dimensiones<br />
Altura: 2,2 cm<br />
Ancho: 40 cm<br />
Largo: 60 cm</p>
<p>Peso: 950 gr.</p>
<p>La tapa plástica EPP-6040 es un producto fabricado en polietileno de alta densidad con alta resistencia al impacto, a la tensión y de fácil manejo. Este producto puede ser utilizado en las diferentes canastas plásticas cuyas dimensiones sean de 60 cm de Largo x 40 cm de Ancho tales como la Plana, Tres Cuartos, Morera Bultera y Semibultera.</p>
<h3>Descarga nuestra Ficha Técnica de Producto:   <a href="https://empaquesplasticosprofesional.com/wp-content/uploads/2022/02/EPP-6040.pdf">EPP-6040</a></h3>
