{"id":3030,"date":"2021-12-02T15:09:21","date_gmt":"2021-12-02T20:09:21","guid":{"rendered":"https:\/\/empaquesplasticosprofesional.com\/?post_type=product&#038;p=3030"},"modified":"2026-01-14T17:41:36","modified_gmt":"2026-01-14T22:41:36","slug":"tres-cuartos-acanalada-rf-6018","status":"publish","type":"product","link":"https:\/\/empaquesplasticosprofesional.com\/index.php\/producto\/tres-cuartos-acanalada-rf-6018\/","title":{"rendered":"Tres Cuartos Acanalada"},"content":{"rendered":"","protected":false},"excerpt":{"rendered":"<p>Dimensiones<br \/>\nAltura: 18 cm<br \/>\nAncho: 40 cm<br \/>\nLargo: 60 cm<\/p>\n<p>Peso: 1750 gr.<\/p>\n<p>La canasta pl\u00e1stica Ref PC-6018 es un producto fabricado en polietileno de alta densidad ideal para productos de baja y mediana altura que requieran protecci\u00f3n en el apilamiento de las canastas tales como panader\u00eda y l\u00e1cteos, muy vers\u00e1til para estanter\u00eda en espacios como fruver&#8217;s, herramienta y dem\u00e1s comercializadoras donde su capacidad de almacenamiento y resistencia sea apta.<br \/>\nId\u00f3nea para recolecci\u00f3n, empaque, embalaje, almacenamiento y transporte de frutas, verduras y c\u00e1rnicos.<\/p>\n<h3>Descarga nuestra Ficha T\u00e9cnica de Producto: <a href=\"https:\/\/empaquesplasticosprofesional.com\/wp-content\/uploads\/2022\/02\/PC-6018.pdf\">PC-6018<\/a><\/h3>\n","protected":false},"featured_media":3277,"template":"","meta":[],"product_cat":[60,175],"product_tag":[],"class_list":["post-3030","product","type-product","status-publish","has-post-thumbnail","hentry","product_cat-canastillas","product_cat-trescuartos"],"acf":[],"_links":{"self":[{"href":"https:\/\/empaquesplasticosprofesional.com\/index.php\/wp-json\/wp\/v2\/product\/3030","targetHints":{"allow":["GET"]}}],"collection":[{"href":"https:\/\/empaquesplasticosprofesional.com\/index.php\/wp-json\/wp\/v2\/product"}],"about":[{"href":"https:\/\/empaquesplasticosprofesional.com\/index.php\/wp-json\/wp\/v2\/types\/product"}],"wp:featuredmedia":[{"embeddable":true,"href":"https:\/\/empaquesplasticosprofesional.com\/index.php\/wp-json\/wp\/v2\/media\/3277"}],"wp:attachment":[{"href":"https:\/\/empaquesplasticosprofesional.com\/index.php\/wp-json\/wp\/v2\/media?parent=3030"}],"wp:term":[{"taxonomy":"product_cat","embeddable":true,"href":"https:\/\/empaquesplasticosprofesional.com\/index.php\/wp-json\/wp\/v2\/product_cat?post=3030"},{"taxonomy":"product_tag","embeddable":true,"href":"https:\/\/empaquesplasticosprofesional.com\/index.php\/wp-json\/wp\/v2\/product_tag?post=3030"}],"curies":[{"name":"wp","href":"https:\/\/api.w.org\/{rel}","templated":true}]}}

<p>Dimensiones<br />
Altura: 18 cm<br />
Ancho: 40 cm<br />
Largo: 60 cm</p>
<p>Peso: 1750 gr.</p>
<p>La canasta plástica Ref PC-6018 es un producto fabricado en polietileno de alta densidad ideal para productos de baja y mediana altura que requieran protección en el apilamiento de las canastas tales como panadería y lácteos, muy versátil para estantería en espacios como fruver&#8217;s, herramienta y demás comercializadoras donde su capacidad de almacenamiento y resistencia sea apta.<br />
Idónea para recolección, empaque, embalaje, almacenamiento y transporte de frutas, verduras y cárnicos.</p>
<h3>Descarga nuestra Ficha Técnica de Producto: <a href="https://empaquesplasticosprofesional.com/wp-content/uploads/2022/02/PC-6018.pdf">PC-6018</a></h3>
