{"id":2995,"date":"2021-11-23T15:56:33","date_gmt":"2021-11-23T20:56:33","guid":{"rendered":"https:\/\/empaquesplasticosprofesional.com\/?post_type=product&#038;p=2995"},"modified":"2024-09-02T19:15:36","modified_gmt":"2024-09-03T00:15:36","slug":"bultera-sellada-rf-pc6041","status":"publish","type":"product","link":"https:\/\/empaquesplasticosprofesional.com\/index.php\/producto\/bultera-sellada-rf-pc6041\/","title":{"rendered":"Bultera Sellada"},"content":{"rendered":"","protected":false},"excerpt":{"rendered":"<p>Dimensiones<br \/>\nAltura: 41 cm<br \/>\nAncho: 40 cm<br \/>\nLargo: 60 cm<\/p>\n<p>Peso: 4100 gr.<\/p>\n<p>Este producto puede ser utilizado en diferentes industrias y negocios para la recolecci\u00f3n, empaque, embalaje, almacenamiento y transporte de frutas, verduras, c\u00e1rnicos, l\u00e1cteos y otras comercializadoras donde la capacidad de almacenamiento y resistencia de la canasta sea apta.<\/p>\n<h3>Descarga nuestra Ficha T\u00e9cnica de Producto: \u00a0 <a href=\"https:\/\/empaquesplasticosprofesional.com\/wp-content\/uploads\/2016\/02\/PC-6041.pdf\">PC-6041<\/a><\/h3>\n","protected":false},"featured_media":3379,"template":"","meta":[],"product_cat":[174,60],"product_tag":[],"class_list":["post-2995","product","type-product","status-publish","has-post-thumbnail","hentry","product_cat-bultera","product_cat-canastillas"],"acf":[],"_links":{"self":[{"href":"https:\/\/empaquesplasticosprofesional.com\/index.php\/wp-json\/wp\/v2\/product\/2995","targetHints":{"allow":["GET"]}}],"collection":[{"href":"https:\/\/empaquesplasticosprofesional.com\/index.php\/wp-json\/wp\/v2\/product"}],"about":[{"href":"https:\/\/empaquesplasticosprofesional.com\/index.php\/wp-json\/wp\/v2\/types\/product"}],"wp:featuredmedia":[{"embeddable":true,"href":"https:\/\/empaquesplasticosprofesional.com\/index.php\/wp-json\/wp\/v2\/media\/3379"}],"wp:attachment":[{"href":"https:\/\/empaquesplasticosprofesional.com\/index.php\/wp-json\/wp\/v2\/media?parent=2995"}],"wp:term":[{"taxonomy":"product_cat","embeddable":true,"href":"https:\/\/empaquesplasticosprofesional.com\/index.php\/wp-json\/wp\/v2\/product_cat?post=2995"},{"taxonomy":"product_tag","embeddable":true,"href":"https:\/\/empaquesplasticosprofesional.com\/index.php\/wp-json\/wp\/v2\/product_tag?post=2995"}],"curies":[{"name":"wp","href":"https:\/\/api.w.org\/{rel}","templated":true}]}}

<p>Dimensiones<br />
Altura: 41 cm<br />
Ancho: 40 cm<br />
Largo: 60 cm</p>
<p>Peso: 4100 gr.</p>
<p>Este producto puede ser utilizado en diferentes industrias y negocios para la recolección, empaque, embalaje, almacenamiento y transporte de frutas, verduras, cárnicos, lácteos y otras comercializadoras donde la capacidad de almacenamiento y resistencia de la canasta sea apta.</p>
<h3>Descarga nuestra Ficha Técnica de Producto:   <a href="https://empaquesplasticosprofesional.com/wp-content/uploads/2016/02/PC-6041.pdf">PC-6041</a></h3>
