{"id":1865,"date":"2016-02-19T09:37:59","date_gmt":"2016-02-19T09:37:59","guid":{"rendered":"http:\/\/themes.temashdesign.com\/woodstock\/electronics\/?post_type=product&#038;p=1293"},"modified":"2026-02-03T17:12:43","modified_gmt":"2026-02-03T22:12:43","slug":"moto-360","status":"publish","type":"product","link":"https:\/\/empaquesplasticosprofesional.com\/index.php\/producto\/moto-360\/","title":{"rendered":"Carullera"},"content":{"rendered":"","protected":false},"excerpt":{"rendered":"<p>Dimensiones: 52 cm x 35 cm x 30 cm.<br \/>\nPeso: 1800 gr.<\/p>\n<p>Este producto puede ser utilizado en diferentes industrias y negocios para la recolecci\u00f3n, empaque, embalaje, almacenamiento y transporte de frutas, verduras, c\u00e1rnicos, l\u00e1cteos y otras comercializadoras donde la capacidad de almacenamiento y resistencia de la canasta sea apta.<\/p>\n<h3>Descarga nuestra Ficha T\u00e9cnica de Producto: <a href=\"https:\/\/empaquesplasticosprofesional.com\/wp-content\/uploads\/2016\/02\/PC-40.pdf\">PC-40<\/a><\/h3>\n","protected":false},"featured_media":3304,"template":"","meta":[],"product_cat":[60,172],"product_tag":[],"class_list":["post-1865","product","type-product","status-publish","has-post-thumbnail","hentry","product_cat-canastillas","product_cat-tipo-carulla"],"acf":[],"_links":{"self":[{"href":"https:\/\/empaquesplasticosprofesional.com\/index.php\/wp-json\/wp\/v2\/product\/1865","targetHints":{"allow":["GET"]}}],"collection":[{"href":"https:\/\/empaquesplasticosprofesional.com\/index.php\/wp-json\/wp\/v2\/product"}],"about":[{"href":"https:\/\/empaquesplasticosprofesional.com\/index.php\/wp-json\/wp\/v2\/types\/product"}],"wp:featuredmedia":[{"embeddable":true,"href":"https:\/\/empaquesplasticosprofesional.com\/index.php\/wp-json\/wp\/v2\/media\/3304"}],"wp:attachment":[{"href":"https:\/\/empaquesplasticosprofesional.com\/index.php\/wp-json\/wp\/v2\/media?parent=1865"}],"wp:term":[{"taxonomy":"product_cat","embeddable":true,"href":"https:\/\/empaquesplasticosprofesional.com\/index.php\/wp-json\/wp\/v2\/product_cat?post=1865"},{"taxonomy":"product_tag","embeddable":true,"href":"https:\/\/empaquesplasticosprofesional.com\/index.php\/wp-json\/wp\/v2\/product_tag?post=1865"}],"curies":[{"name":"wp","href":"https:\/\/api.w.org\/{rel}","templated":true}]}}

<p>Dimensiones: 52 cm x 35 cm x 30 cm.<br />
Peso: 1800 gr.</p>
<p>Este producto puede ser utilizado en diferentes industrias y negocios para la recolección, empaque, embalaje, almacenamiento y transporte de frutas, verduras, cárnicos, lácteos y otras comercializadoras donde la capacidad de almacenamiento y resistencia de la canasta sea apta.</p>
<h3>Descarga nuestra Ficha Técnica de Producto: <a href="https://empaquesplasticosprofesional.com/wp-content/uploads/2016/02/PC-40.pdf">PC-40</a></h3>
