{"id":1524,"date":"2016-02-21T15:28:19","date_gmt":"2016-02-21T15:28:19","guid":{"rendered":"http:\/\/themes.temashdesign.com\/woodstock\/electronics\/?post_type=product&#038;p=1524"},"modified":"2025-01-16T19:06:36","modified_gmt":"2025-01-17T00:06:36","slug":"gopro-hero4-silver","status":"publish","type":"product","link":"https:\/\/empaquesplasticosprofesional.com\/index.php\/producto\/gopro-hero4-silver\/","title":{"rendered":"Bultera Acanalada"},"content":{"rendered":"","protected":false},"excerpt":{"rendered":"<p>Dimensiones: 60 cm x 40 cm x 41 cm.<br \/>\nPeso: 3750 gr.<\/p>\n<p>Este producto puede ser utilizado en diferentes industrias y negocios para la recolecci\u00f3n, empaque, embalaje, almacenamiento y transporte de frutas, verduras, c\u00e1rnicos, l\u00e1cteos y otras comercializadoras donde la capacidad de almacenamiento y resistencia de la canasta sea apta.<\/p>\n<h3>Descarga nuestra Ficha T\u00e9cnica de Producto: \u00a0 <a href=\"https:\/\/empaquesplasticosprofesional.com\/wp-content\/uploads\/2016\/02\/PC-6041.pdf\">PC-6041<\/a><\/h3>\n","protected":false},"featured_media":3328,"template":"","meta":[],"product_cat":[174,60],"product_tag":[],"class_list":["post-1524","product","type-product","status-publish","has-post-thumbnail","hentry","product_cat-bultera","product_cat-canastillas"],"acf":[],"_links":{"self":[{"href":"https:\/\/empaquesplasticosprofesional.com\/index.php\/wp-json\/wp\/v2\/product\/1524","targetHints":{"allow":["GET"]}}],"collection":[{"href":"https:\/\/empaquesplasticosprofesional.com\/index.php\/wp-json\/wp\/v2\/product"}],"about":[{"href":"https:\/\/empaquesplasticosprofesional.com\/index.php\/wp-json\/wp\/v2\/types\/product"}],"wp:featuredmedia":[{"embeddable":true,"href":"https:\/\/empaquesplasticosprofesional.com\/index.php\/wp-json\/wp\/v2\/media\/3328"}],"wp:attachment":[{"href":"https:\/\/empaquesplasticosprofesional.com\/index.php\/wp-json\/wp\/v2\/media?parent=1524"}],"wp:term":[{"taxonomy":"product_cat","embeddable":true,"href":"https:\/\/empaquesplasticosprofesional.com\/index.php\/wp-json\/wp\/v2\/product_cat?post=1524"},{"taxonomy":"product_tag","embeddable":true,"href":"https:\/\/empaquesplasticosprofesional.com\/index.php\/wp-json\/wp\/v2\/product_tag?post=1524"}],"curies":[{"name":"wp","href":"https:\/\/api.w.org\/{rel}","templated":true}]}}

<p>Dimensiones: 60 cm x 40 cm x 41 cm.<br />
Peso: 3750 gr.</p>
<p>Este producto puede ser utilizado en diferentes industrias y negocios para la recolección, empaque, embalaje, almacenamiento y transporte de frutas, verduras, cárnicos, lácteos y otras comercializadoras donde la capacidad de almacenamiento y resistencia de la canasta sea apta.</p>
<h3>Descarga nuestra Ficha Técnica de Producto:   <a href="https://empaquesplasticosprofesional.com/wp-content/uploads/2016/02/PC-6041.pdf">PC-6041</a></h3>
