{"id":3163,"date":"2022-07-18T14:49:51","date_gmt":"2022-07-18T19:49:51","guid":{"rendered":"https:\/\/empaquesplasticosprofesional.com\/?page_id=3163"},"modified":"2024-09-02T20:31:09","modified_gmt":"2024-09-03T01:31:09","slug":"personalizacion","status":"publish","type":"page","link":"https:\/\/empaquesplasticosprofesional.com\/index.php\/personalizacion\/","title":{"rendered":"APLICACIONES Y GALERIA"},"content":{"rendered":"<div class=\"vc_row wpb_row vc_row-fluid\"><div class=\"wpb_column vc_column_container vc_col-sm-12\"><div class=\"vc_column-inner\"><div class=\"wpb_wrapper\">\n\t<div class=\"wpb_text_column wpb_content_element \" >\n\t\t<div class=\"wpb_wrapper\">\n\t\t\t<h4>Todas las canastillas son personalizables para que queden marcadas con tu nombre o el nombre de tu negocio, actualmente contamos con dos tipos de personalizaci\u00f3n de canastillas.<\/h4>\n<h4>Estampado por inducci\u00f3n de calor y moldeado.<\/h4>\n<h4>Nosotros contamos con las herramientas para realizar cualquier tipo de personalizaci\u00f3n. Maquinaria CNC y Maquina Estampadora<\/h4>\n\n\t\t<\/div>\n\t<\/div>\n<\/div><\/div><\/div><\/div><div class=\"vc_row wpb_row vc_row-fluid\"><div class=\"wpb_column vc_column_container vc_col-sm-6\"><div class=\"vc_column-inner\"><div class=\"wpb_wrapper\">\n\t<div class=\"wpb_text_column wpb_content_element \" >\n\t\t<div class=\"wpb_wrapper\">\n\t\t\t<h2 style=\"text-align: center;\">Estampado por Inducci\u00f3n de Calor<\/h2>\n\n\t\t<\/div>\n\t<\/div>\n\n\t<div class=\"wpb_text_column wpb_content_element \" >\n\t\t<div class=\"wpb_wrapper\">\n\t\t\t<h4>Con la m\u00e1quina estampadora y con una l\u00e1mina denominada Cliset fabricada en CNC material de Aluminio para transferencia de calor estampamos tus canastillas.<\/h4>\n\n\t\t<\/div>\n\t<\/div>\n\n\t<div  class=\"wpb_single_image wpb_content_element vc_align_center\">\n\t\t\n\t\t<figure class=\"wpb_wrapper vc_figure\">\n\t\t\t<div class=\"vc_single_image-wrapper vc_box_shadow_border_circle  vc_box_border_grey\"><img loading=\"lazy\" decoding=\"async\" class=\"vc_single_image-img \" src=\"https:\/\/empaquesplasticosprofesional.com\/wp-content\/uploads\/2023\/10\/WhatsApp-Image-2023-10-20-at-8.19.54-PM.jpeg\" width=\"495\" height=\"342\" alt=\"WhatsApp Image 2023-10-20 at 8.19.54 PM\" title=\"WhatsApp Image 2023-10-20 at 8.19.54 PM\" \/><\/div>\n\t\t<\/figure>\n\t<\/div>\n\n\t<div class=\"wpb_text_column wpb_content_element \" >\n\t\t<div class=\"wpb_wrapper\">\n\t\t\t<p>Fabricamos tu Cliset por un valor unitario de solo $25.000<\/p>\n<p>Costo de marcaci\u00f3n por unidad $600<\/p>\n\n\t\t<\/div>\n\t<\/div>\n<\/div><\/div><\/div><div class=\"wpb_column vc_column_container vc_col-sm-6\"><div class=\"vc_column-inner\"><div class=\"wpb_wrapper\">\n\t<div class=\"wpb_text_column wpb_content_element \" >\n\t\t<div class=\"wpb_wrapper\">\n\t\t\t<h2 style=\"text-align: center;\">Moldeado<\/h2>\n\n\t\t<\/div>\n\t<\/div>\n\n\t<div class=\"wpb_text_column wpb_content_element \" >\n\t\t<div class=\"wpb_wrapper\">\n\t\t\t<h4>Por medio del proceso de fabricaci\u00f3n de cada canasta, se realiza la configuraci\u00f3n del molde con unas platinas denominadas Postizos\u00a0 para que cuando tu canasta se fabrique, ya salga marcada tu canastilla.<\/h4>\n\n\t\t<\/div>\n\t<\/div>\n\n\t<div  class=\"wpb_single_image wpb_content_element vc_align_center\">\n\t\t\n\t\t<figure class=\"wpb_wrapper vc_figure\">\n\t\t\t<div class=\"vc_single_image-wrapper vc_box_shadow_border_circle  vc_box_border_grey\"><img loading=\"lazy\" decoding=\"async\" class=\"vc_single_image-img \" src=\"https:\/\/empaquesplasticosprofesional.com\/wp-content\/uploads\/2023\/10\/WhatsApp-Image-2023-10-20-at-8.18.40-PM-500x374.jpeg\" width=\"500\" height=\"374\" alt=\"WhatsApp Image 2023-10-20 at 8.18.40 PM\" title=\"WhatsApp Image 2023-10-20 at 8.18.40 PM\" \/><\/div>\n\t\t<\/figure>\n\t<\/div>\n\n\t<div class=\"wpb_text_column wpb_content_element \" >\n\t\t<div class=\"wpb_wrapper\">\n\t\t\t<p>Fabricamos tus Postizos por un valor unitario de solo $300.000<\/p>\n\n\t\t<\/div>\n\t<\/div>\n<\/div><\/div><\/div><\/div><div class=\"vc_row wpb_row vc_row-fluid\"><div class=\"wpb_column vc_column_container vc_col-sm-6\"><div class=\"vc_column-inner\"><div class=\"wpb_wrapper\">\n\t<div class=\"wpb_text_column wpb_content_element \" >\n\t\t<div class=\"wpb_wrapper\">\n\t\t\t<h2 style=\"text-align: center;\">Galer\u00eda de Im\u00e1genes<\/h2>\n\n\t\t<\/div>\n\t<\/div>\n<div class=\"wpb_images_carousel wpb_content_element vc_clearfix vc_custom_1706883715352\"><div class=\"wpb_wrapper\"><div id=\"vc_images-carousel-1-1777816589\" data-ride=\"vc_carousel\" data-wrap=\"false\" style=\"width: 400px;\" data-interval=\"0\" data-auto-height=\"yes\" data-mode=\"horizontal\" data-partial=\"false\" data-per-view=\"1\" data-hide-on-end=\"true\" class=\"vc_slide vc_images_carousel\"><ol class=\"vc_carousel-indicators\"><li data-target=\"#vc_images-carousel-1-1777816589\" data-slide-to=\"0\"><\/li><li data-target=\"#vc_images-carousel-1-1777816589\" data-slide-to=\"1\"><\/li><li data-target=\"#vc_images-carousel-1-1777816589\" data-slide-to=\"2\"><\/li><li data-target=\"#vc_images-carousel-1-1777816589\" data-slide-to=\"3\"><\/li><li data-target=\"#vc_images-carousel-1-1777816589\" data-slide-to=\"4\"><\/li><li data-target=\"#vc_images-carousel-1-1777816589\" data-slide-to=\"5\"><\/li><li data-target=\"#vc_images-carousel-1-1777816589\" data-slide-to=\"6\"><\/li><li data-target=\"#vc_images-carousel-1-1777816589\" data-slide-to=\"7\"><\/li><li data-target=\"#vc_images-carousel-1-1777816589\" data-slide-to=\"8\"><\/li><li data-target=\"#vc_images-carousel-1-1777816589\" data-slide-to=\"9\"><\/li><li data-target=\"#vc_images-carousel-1-1777816589\" data-slide-to=\"10\"><\/li><li data-target=\"#vc_images-carousel-1-1777816589\" data-slide-to=\"11\"><\/li><li data-target=\"#vc_images-carousel-1-1777816589\" data-slide-to=\"12\"><\/li><li data-target=\"#vc_images-carousel-1-1777816589\" data-slide-to=\"13\"><\/li><li data-target=\"#vc_images-carousel-1-1777816589\" data-slide-to=\"14\"><\/li><li data-target=\"#vc_images-carousel-1-1777816589\" data-slide-to=\"15\"><\/li><li data-target=\"#vc_images-carousel-1-1777816589\" data-slide-to=\"16\"><\/li><li data-target=\"#vc_images-carousel-1-1777816589\" data-slide-to=\"17\"><\/li><li data-target=\"#vc_images-carousel-1-1777816589\" data-slide-to=\"18\"><\/li><li data-target=\"#vc_images-carousel-1-1777816589\" data-slide-to=\"19\"><\/li><li data-target=\"#vc_images-carousel-1-1777816589\" data-slide-to=\"20\"><\/li><li data-target=\"#vc_images-carousel-1-1777816589\" data-slide-to=\"21\"><\/li><li data-target=\"#vc_images-carousel-1-1777816589\" data-slide-to=\"22\"><\/li><li data-target=\"#vc_images-carousel-1-1777816589\" data-slide-to=\"23\"><\/li><li data-target=\"#vc_images-carousel-1-1777816589\" data-slide-to=\"24\"><\/li><li data-target=\"#vc_images-carousel-1-1777816589\" data-slide-to=\"25\"><\/li><li data-target=\"#vc_images-carousel-1-1777816589\" data-slide-to=\"26\"><\/li><\/ol><div class=\"vc_carousel-inner\"><div class=\"vc_carousel-slideline\"><div class=\"vc_carousel-slideline-inner\"><div class=\"vc_item\"><div class=\"vc_inner\"><a class=\"\" href=\"https:\/\/empaquesplasticosprofesional.com\/wp-content\/uploads\/2023\/10\/WhatsApp-Image-2023-10-21-at-8.33.04-PM-1-1024x1024.jpeg\" data-lightbox=\"lightbox[rel-3163-3674830990]\"><img loading=\"lazy\" decoding=\"async\" class=\"\" src=\"https:\/\/empaquesplasticosprofesional.com\/wp-content\/uploads\/2023\/10\/WhatsApp-Image-2023-10-21-at-8.33.04-PM-1-400x400.jpeg\" width=\"400\" height=\"400\" alt=\"WhatsApp Image 2023-10-21 at 8.33.04 PM (1)\" title=\"WhatsApp Image 2023-10-21 at 8.33.04 PM (1)\" \/><\/a><\/div><\/div><div class=\"vc_item\"><div class=\"vc_inner\"><a class=\"\" href=\"https:\/\/empaquesplasticosprofesional.com\/wp-content\/uploads\/2022\/02\/WhatsApp-Image-2023-10-21-at-8.18.04-PM-1024x1024.jpeg\" data-lightbox=\"lightbox[rel-3163-3674830990]\"><img loading=\"lazy\" decoding=\"async\" class=\"\" src=\"https:\/\/empaquesplasticosprofesional.com\/wp-content\/uploads\/2022\/02\/WhatsApp-Image-2023-10-21-at-8.18.04-PM-400x400.jpeg\" width=\"400\" height=\"400\" alt=\"WhatsApp Image 2023-10-21 at 8.18.04 PM\" title=\"WhatsApp Image 2023-10-21 at 8.18.04 PM\" \/><\/a><\/div><\/div><div class=\"vc_item\"><div class=\"vc_inner\"><a class=\"\" href=\"https:\/\/empaquesplasticosprofesional.com\/wp-content\/uploads\/2022\/02\/WhatsApp-Image-2023-10-21-at-8.14.07-PM-1024x1024.jpeg\" data-lightbox=\"lightbox[rel-3163-3674830990]\"><img loading=\"lazy\" decoding=\"async\" class=\"\" src=\"https:\/\/empaquesplasticosprofesional.com\/wp-content\/uploads\/2022\/02\/WhatsApp-Image-2023-10-21-at-8.14.07-PM-400x400.jpeg\" width=\"400\" height=\"400\" alt=\"WhatsApp Image 2023-10-21 at 8.14.07 PM\" title=\"WhatsApp Image 2023-10-21 at 8.14.07 PM\" \/><\/a><\/div><\/div><div class=\"vc_item\"><div class=\"vc_inner\"><a class=\"\" href=\"https:\/\/empaquesplasticosprofesional.com\/wp-content\/uploads\/2021\/12\/WhatsApp-Image-2023-10-21-at-5.50.35-PM-1024x1024.jpeg\" data-lightbox=\"lightbox[rel-3163-3674830990]\"><img loading=\"lazy\" decoding=\"async\" class=\"\" src=\"https:\/\/empaquesplasticosprofesional.com\/wp-content\/uploads\/2021\/12\/WhatsApp-Image-2023-10-21-at-5.50.35-PM-400x400.jpeg\" width=\"400\" height=\"400\" alt=\"WhatsApp Image 2023-10-21 at 5.50.35 PM\" title=\"WhatsApp Image 2023-10-21 at 5.50.35 PM\" \/><\/a><\/div><\/div><div class=\"vc_item\"><div class=\"vc_inner\"><a class=\"\" href=\"https:\/\/empaquesplasticosprofesional.com\/wp-content\/uploads\/2022\/07\/WhatsApp-Image-2023-10-20-at-7.31.49-PM.jpeg\" data-lightbox=\"lightbox[rel-3163-3674830990]\"><img loading=\"lazy\" decoding=\"async\" class=\"\" src=\"https:\/\/empaquesplasticosprofesional.com\/wp-content\/uploads\/2022\/07\/WhatsApp-Image-2023-10-20-at-7.31.49-PM-400x400.jpeg\" width=\"400\" height=\"400\" alt=\"WhatsApp Image 2023-10-20 at 7.31.49 PM\" title=\"WhatsApp Image 2023-10-20 at 7.31.49 PM\" \/><\/a><\/div><\/div><div class=\"vc_item\"><div class=\"vc_inner\"><a class=\"\" href=\"https:\/\/empaquesplasticosprofesional.com\/wp-content\/uploads\/2023\/10\/WhatsApp-Image-2023-10-20-at-8.06.05-PM-1024x1024.jpeg\" data-lightbox=\"lightbox[rel-3163-3674830990]\"><img loading=\"lazy\" decoding=\"async\" class=\"\" src=\"https:\/\/empaquesplasticosprofesional.com\/wp-content\/uploads\/2023\/10\/WhatsApp-Image-2023-10-20-at-8.06.05-PM-400x400.jpeg\" width=\"400\" height=\"400\" alt=\"WhatsApp Image 2023-10-20 at 8.06.05 PM\" title=\"WhatsApp Image 2023-10-20 at 8.06.05 PM\" \/><\/a><\/div><\/div><div class=\"vc_item\"><div class=\"vc_inner\"><a class=\"\" href=\"https:\/\/empaquesplasticosprofesional.com\/wp-content\/uploads\/2016\/02\/WhatsApp-Image-2023-10-20-at-7.21.03-PM-1-1024x1024.jpeg\" data-lightbox=\"lightbox[rel-3163-3674830990]\"><img loading=\"lazy\" decoding=\"async\" class=\"\" src=\"https:\/\/empaquesplasticosprofesional.com\/wp-content\/uploads\/2016\/02\/WhatsApp-Image-2023-10-20-at-7.21.03-PM-1-400x400.jpeg\" width=\"400\" height=\"400\" alt=\"WhatsApp Image 2023-10-20 at 7.21.03 PM (1)\" title=\"WhatsApp Image 2023-10-20 at 7.21.03 PM (1)\" \/><\/a><\/div><\/div><div class=\"vc_item\"><div class=\"vc_inner\"><a class=\"\" href=\"https:\/\/empaquesplasticosprofesional.com\/wp-content\/uploads\/2021\/12\/WhatsApp-Image-2023-10-19-at-6.57.52-PM-1024x1024.jpeg\" data-lightbox=\"lightbox[rel-3163-3674830990]\"><img loading=\"lazy\" decoding=\"async\" class=\"\" src=\"https:\/\/empaquesplasticosprofesional.com\/wp-content\/uploads\/2021\/12\/WhatsApp-Image-2023-10-19-at-6.57.52-PM-400x400.jpeg\" width=\"400\" height=\"400\" alt=\"WhatsApp Image 2023-10-19 at 6.57.52 PM\" title=\"WhatsApp Image 2023-10-19 at 6.57.52 PM\" \/><\/a><\/div><\/div><div class=\"vc_item\"><div class=\"vc_inner\"><a class=\"\" href=\"https:\/\/empaquesplasticosprofesional.com\/wp-content\/uploads\/2022\/02\/WhatsApp-Image-2023-10-19-at-6.43.35-PM.jpeg\" data-lightbox=\"lightbox[rel-3163-3674830990]\"><img loading=\"lazy\" decoding=\"async\" class=\"\" src=\"https:\/\/empaquesplasticosprofesional.com\/wp-content\/uploads\/2022\/02\/WhatsApp-Image-2023-10-19-at-6.43.35-PM-400x400.jpeg\" width=\"400\" height=\"400\" alt=\"WhatsApp Image 2023-10-19 at 6.43.35 PM\" title=\"WhatsApp Image 2023-10-19 at 6.43.35 PM\" \/><\/a><\/div><\/div><div class=\"vc_item\"><div class=\"vc_inner\"><a class=\"\" href=\"https:\/\/empaquesplasticosprofesional.com\/wp-content\/uploads\/2021\/12\/WhatsApp-Image-2023-10-13-at-5.14.54-PM-2-1024x1024.jpeg\" data-lightbox=\"lightbox[rel-3163-3674830990]\"><img loading=\"lazy\" decoding=\"async\" class=\"\" src=\"https:\/\/empaquesplasticosprofesional.com\/wp-content\/uploads\/2021\/12\/WhatsApp-Image-2023-10-13-at-5.14.54-PM-2-400x400.jpeg\" width=\"400\" height=\"400\" alt=\"WhatsApp Image 2023-10-13 at 5.14.54 PM (2)\" title=\"WhatsApp Image 2023-10-13 at 5.14.54 PM (2)\" \/><\/a><\/div><\/div><div class=\"vc_item\"><div class=\"vc_inner\"><a class=\"\" href=\"https:\/\/empaquesplasticosprofesional.com\/wp-content\/uploads\/2021\/12\/WhatsApp-Image-2023-09-18-at-6.36.43-PM-1024x1024.jpeg\" data-lightbox=\"lightbox[rel-3163-3674830990]\"><img loading=\"lazy\" decoding=\"async\" class=\"\" src=\"https:\/\/empaquesplasticosprofesional.com\/wp-content\/uploads\/2021\/12\/WhatsApp-Image-2023-09-18-at-6.36.43-PM-400x400.jpeg\" width=\"400\" height=\"400\" alt=\"WhatsApp Image 2023-09-18 at 6.36.43 PM\" title=\"WhatsApp Image 2023-09-18 at 6.36.43 PM\" \/><\/a><\/div><\/div><div class=\"vc_item\"><div class=\"vc_inner\"><a class=\"\" href=\"https:\/\/empaquesplasticosprofesional.com\/wp-content\/uploads\/2021\/11\/WhatsApp-Image-2023-09-18-at-6.00.20-PM-1024x1024.jpeg\" data-lightbox=\"lightbox[rel-3163-3674830990]\"><img loading=\"lazy\" decoding=\"async\" class=\"\" src=\"https:\/\/empaquesplasticosprofesional.com\/wp-content\/uploads\/2021\/11\/WhatsApp-Image-2023-09-18-at-6.00.20-PM-400x400.jpeg\" width=\"400\" height=\"400\" alt=\"WhatsApp Image 2023-09-18 at 6.00.20 PM\" title=\"WhatsApp Image 2023-09-18 at 6.00.20 PM\" \/><\/a><\/div><\/div><div class=\"vc_item\"><div class=\"vc_inner\"><a class=\"\" href=\"https:\/\/empaquesplasticosprofesional.com\/wp-content\/uploads\/2022\/02\/WhatsApp-Image-2023-09-18-at-5.53.40-PM-1024x1024.jpeg\" data-lightbox=\"lightbox[rel-3163-3674830990]\"><img loading=\"lazy\" decoding=\"async\" class=\"\" src=\"https:\/\/empaquesplasticosprofesional.com\/wp-content\/uploads\/2022\/02\/WhatsApp-Image-2023-09-18-at-5.53.40-PM-400x400.jpeg\" width=\"400\" height=\"400\" alt=\"WhatsApp Image 2023-09-18 at 5.53.40 PM\" title=\"WhatsApp Image 2023-09-18 at 5.53.40 PM\" \/><\/a><\/div><\/div><div class=\"vc_item\"><div class=\"vc_inner\"><a class=\"\" href=\"https:\/\/empaquesplasticosprofesional.com\/wp-content\/uploads\/2022\/02\/WhatsApp-Image-2023-09-18-at-5.47.04-PM-1024x1024.jpeg\" data-lightbox=\"lightbox[rel-3163-3674830990]\"><img loading=\"lazy\" decoding=\"async\" class=\"\" src=\"https:\/\/empaquesplasticosprofesional.com\/wp-content\/uploads\/2022\/02\/WhatsApp-Image-2023-09-18-at-5.47.04-PM-400x400.jpeg\" width=\"400\" height=\"400\" alt=\"WhatsApp Image 2023-09-18 at 5.47.04 PM\" title=\"WhatsApp Image 2023-09-18 at 5.47.04 PM\" \/><\/a><\/div><\/div><div class=\"vc_item\"><div class=\"vc_inner\"><a class=\"\" href=\"https:\/\/empaquesplasticosprofesional.com\/wp-content\/uploads\/2021\/12\/WhatsApp-Image-2023-09-18-at-5.40.26-PM-1024x1024.jpeg\" data-lightbox=\"lightbox[rel-3163-3674830990]\"><img loading=\"lazy\" decoding=\"async\" class=\"\" src=\"https:\/\/empaquesplasticosprofesional.com\/wp-content\/uploads\/2021\/12\/WhatsApp-Image-2023-09-18-at-5.40.26-PM-400x400.jpeg\" width=\"400\" height=\"400\" alt=\"WhatsApp Image 2023-09-18 at 5.40.26 PM\" title=\"WhatsApp Image 2023-09-18 at 5.40.26 PM\" \/><\/a><\/div><\/div><div class=\"vc_item\"><div class=\"vc_inner\"><a class=\"\" href=\"https:\/\/empaquesplasticosprofesional.com\/wp-content\/uploads\/2022\/02\/WhatsApp-Image-2023-09-18-at-5.30.08-PM-1024x1024.jpeg\" data-lightbox=\"lightbox[rel-3163-3674830990]\"><img loading=\"lazy\" decoding=\"async\" class=\"\" src=\"https:\/\/empaquesplasticosprofesional.com\/wp-content\/uploads\/2022\/02\/WhatsApp-Image-2023-09-18-at-5.30.08-PM-400x400.jpeg\" width=\"400\" height=\"400\" alt=\"WhatsApp Image 2023-09-18 at 5.30.08 PM\" title=\"WhatsApp Image 2023-09-18 at 5.30.08 PM\" \/><\/a><\/div><\/div><div class=\"vc_item\"><div class=\"vc_inner\"><a class=\"\" href=\"https:\/\/empaquesplasticosprofesional.com\/wp-content\/uploads\/2021\/12\/WhatsApp-Image-2023-09-18-at-5.16.40-PM-1024x1024.jpeg\" data-lightbox=\"lightbox[rel-3163-3674830990]\"><img loading=\"lazy\" decoding=\"async\" class=\"\" src=\"https:\/\/empaquesplasticosprofesional.com\/wp-content\/uploads\/2021\/12\/WhatsApp-Image-2023-09-18-at-5.16.40-PM-400x400.jpeg\" width=\"400\" height=\"400\" alt=\"WhatsApp Image 2023-09-18 at 5.16.40 PM\" title=\"WhatsApp Image 2023-09-18 at 5.16.40 PM\" \/><\/a><\/div><\/div><div class=\"vc_item\"><div class=\"vc_inner\"><a class=\"\" href=\"https:\/\/empaquesplasticosprofesional.com\/wp-content\/uploads\/2022\/02\/WhatsApp-Image-2023-09-18-at-5.17.06-PM-1024x1024.jpeg\" data-lightbox=\"lightbox[rel-3163-3674830990]\"><img loading=\"lazy\" decoding=\"async\" class=\"\" src=\"https:\/\/empaquesplasticosprofesional.com\/wp-content\/uploads\/2022\/02\/WhatsApp-Image-2023-09-18-at-5.17.06-PM-400x400.jpeg\" width=\"400\" height=\"400\" alt=\"WhatsApp Image 2023-09-18 at 5.17.06 PM\" title=\"WhatsApp Image 2023-09-18 at 5.17.06 PM\" \/><\/a><\/div><\/div><div class=\"vc_item\"><div class=\"vc_inner\"><a class=\"\" href=\"https:\/\/empaquesplasticosprofesional.com\/wp-content\/uploads\/2016\/02\/WhatsApp-Image-2023-09-11-at-8.20.17-PM-1024x1024.jpeg\" data-lightbox=\"lightbox[rel-3163-3674830990]\"><img loading=\"lazy\" decoding=\"async\" class=\"\" src=\"https:\/\/empaquesplasticosprofesional.com\/wp-content\/uploads\/2016\/02\/WhatsApp-Image-2023-09-11-at-8.20.17-PM-400x400.jpeg\" width=\"400\" height=\"400\" alt=\"WhatsApp Image 2023-09-11 at 8.20.17 PM\" title=\"WhatsApp Image 2023-09-11 at 8.20.17 PM\" \/><\/a><\/div><\/div><div class=\"vc_item\"><div class=\"vc_inner\"><a class=\"\" href=\"https:\/\/empaquesplasticosprofesional.com\/wp-content\/uploads\/2021\/12\/WhatsApp-Image-2023-09-11-at-8.10.21-PM-1024x1024.jpeg\" data-lightbox=\"lightbox[rel-3163-3674830990]\"><img loading=\"lazy\" decoding=\"async\" class=\"\" src=\"https:\/\/empaquesplasticosprofesional.com\/wp-content\/uploads\/2021\/12\/WhatsApp-Image-2023-09-11-at-8.10.21-PM-400x400.jpeg\" width=\"400\" height=\"400\" alt=\"WhatsApp Image 2023-09-11 at 8.10.21 PM\" title=\"WhatsApp Image 2023-09-11 at 8.10.21 PM\" \/><\/a><\/div><\/div><div class=\"vc_item\"><div class=\"vc_inner\"><a class=\"\" href=\"https:\/\/empaquesplasticosprofesional.com\/wp-content\/uploads\/2016\/03\/WhatsApp-Image-2023-09-11-at-8.01.18-PM-1024x1024.jpeg\" data-lightbox=\"lightbox[rel-3163-3674830990]\"><img loading=\"lazy\" decoding=\"async\" class=\"\" src=\"https:\/\/empaquesplasticosprofesional.com\/wp-content\/uploads\/2016\/03\/WhatsApp-Image-2023-09-11-at-8.01.18-PM-400x400.jpeg\" width=\"400\" height=\"400\" alt=\"WhatsApp Image 2023-09-11 at 8.01.18 PM\" title=\"WhatsApp Image 2023-09-11 at 8.01.18 PM\" \/><\/a><\/div><\/div><div class=\"vc_item\"><div class=\"vc_inner\"><a class=\"\" href=\"https:\/\/empaquesplasticosprofesional.com\/wp-content\/uploads\/2016\/02\/WhatsApp-Image-2023-09-11-at-7.50.00-PM-1024x1024.jpeg\" data-lightbox=\"lightbox[rel-3163-3674830990]\"><img loading=\"lazy\" decoding=\"async\" class=\"\" src=\"https:\/\/empaquesplasticosprofesional.com\/wp-content\/uploads\/2016\/02\/WhatsApp-Image-2023-09-11-at-7.50.00-PM-400x400.jpeg\" width=\"400\" height=\"400\" alt=\"WhatsApp Image 2023-09-11 at 7.50.00 PM\" title=\"WhatsApp Image 2023-09-11 at 7.50.00 PM\" \/><\/a><\/div><\/div><div class=\"vc_item\"><div class=\"vc_inner\"><a class=\"\" href=\"https:\/\/empaquesplasticosprofesional.com\/wp-content\/uploads\/2022\/07\/WhatsApp-Image-2023-09-08-at-6.34.43-PM-3-1024x1024.jpeg\" data-lightbox=\"lightbox[rel-3163-3674830990]\"><img loading=\"lazy\" decoding=\"async\" class=\"\" src=\"https:\/\/empaquesplasticosprofesional.com\/wp-content\/uploads\/2022\/07\/WhatsApp-Image-2023-09-08-at-6.34.43-PM-3-400x400.jpeg\" width=\"400\" height=\"400\" alt=\"WhatsApp Image 2023-09-08 at 6.34.43 PM (3)\" title=\"WhatsApp Image 2023-09-08 at 6.34.43 PM (3)\" \/><\/a><\/div><\/div><div class=\"vc_item\"><div class=\"vc_inner\"><a class=\"\" href=\"https:\/\/empaquesplasticosprofesional.com\/wp-content\/uploads\/2021\/11\/WhatsApp-Image-2023-09-08-at-6.23.20-PM-1024x1024.jpeg\" data-lightbox=\"lightbox[rel-3163-3674830990]\"><img loading=\"lazy\" decoding=\"async\" class=\"\" src=\"https:\/\/empaquesplasticosprofesional.com\/wp-content\/uploads\/2021\/11\/WhatsApp-Image-2023-09-08-at-6.23.20-PM-400x400.jpeg\" width=\"400\" height=\"400\" alt=\"WhatsApp Image 2023-09-08 at 6.23.20 PM\" title=\"WhatsApp Image 2023-09-08 at 6.23.20 PM\" \/><\/a><\/div><\/div><div class=\"vc_item\"><div class=\"vc_inner\"><a class=\"\" href=\"https:\/\/empaquesplasticosprofesional.com\/wp-content\/uploads\/2021\/11\/WhatsApp-Image-2023-09-08-at-6.09.26-PM-660x1024.jpeg\" data-lightbox=\"lightbox[rel-3163-3674830990]\"><img loading=\"lazy\" decoding=\"async\" class=\"\" src=\"https:\/\/empaquesplasticosprofesional.com\/wp-content\/uploads\/2021\/11\/WhatsApp-Image-2023-09-08-at-6.09.26-PM-400x400.jpeg\" width=\"400\" height=\"400\" alt=\"WhatsApp Image 2023-09-08 at 6.09.26 PM\" title=\"WhatsApp Image 2023-09-08 at 6.09.26 PM\" \/><\/a><\/div><\/div><div class=\"vc_item\"><div class=\"vc_inner\"><a class=\"\" href=\"https:\/\/empaquesplasticosprofesional.com\/wp-content\/uploads\/2021\/12\/WhatsApp-Image-2023-09-08-at-6.16.41-PM-1024x1024.jpeg\" data-lightbox=\"lightbox[rel-3163-3674830990]\"><img loading=\"lazy\" decoding=\"async\" class=\"\" src=\"https:\/\/empaquesplasticosprofesional.com\/wp-content\/uploads\/2021\/12\/WhatsApp-Image-2023-09-08-at-6.16.41-PM-400x400.jpeg\" width=\"400\" height=\"400\" alt=\"WhatsApp Image 2023-09-08 at 6.16.41 PM\" title=\"WhatsApp Image 2023-09-08 at 6.16.41 PM\" \/><\/a><\/div><\/div><div class=\"vc_item\"><div class=\"vc_inner\"><a class=\"\" href=\"https:\/\/empaquesplasticosprofesional.com\/wp-content\/uploads\/2016\/02\/WhatsApp-Image-2023-09-08-at-5.58.40-PM-1024x1024.jpeg\" data-lightbox=\"lightbox[rel-3163-3674830990]\"><img loading=\"lazy\" decoding=\"async\" class=\"\" src=\"https:\/\/empaquesplasticosprofesional.com\/wp-content\/uploads\/2016\/02\/WhatsApp-Image-2023-09-08-at-5.58.40-PM-400x400.jpeg\" width=\"400\" height=\"400\" alt=\"WhatsApp Image 2023-09-08 at 5.58.40 PM\" title=\"WhatsApp Image 2023-09-08 at 5.58.40 PM\" \/><\/a><\/div><\/div><\/div><\/div><\/div><a class=\"vc_left vc_carousel-control\" href=\"#vc_images-carousel-1-1777816589\" data-slide=\"prev\"><span class=\"icon-prev\"><\/span><\/a><a class=\"vc_right vc_carousel-control\" href=\"#vc_images-carousel-1-1777816589\" data-slide=\"next\"><span class=\"icon-next\"><\/span><\/a><\/div><\/div><\/div><\/div><\/div><\/div><div class=\"wpb_column vc_column_container vc_col-sm-6\"><div class=\"vc_column-inner\"><div class=\"wpb_wrapper\">\n\t<div class=\"wpb_text_column wpb_content_element \" >\n\t\t<div class=\"wpb_wrapper\">\n\t\t\t<h2 style=\"text-align: center;\">Videos de Producci\u00f3n<\/h2>\n\n\t\t<\/div>\n\t<\/div>\n\n\t<div class=\"wpb_video_widget wpb_content_element vc_clearfix   vc_video-aspect-ratio-169 vc_video-el-width-100 vc_video-align-left\" >\n\t\t<div class=\"wpb_wrapper\">\n\t\t\t\n\t\t\t<div class=\"wpb_video_wrapper\"><div class=\"video-container\"><iframe loading=\"lazy\" title=\"Produccion\" src=\"https:\/\/player.vimeo.com\/video\/1005654011?dnt=1&amp;app_id=122963\" width=\"640\" height=\"360\" frameborder=\"0\" allow=\"autoplay; fullscreen; picture-in-picture; clipboard-write\"><\/iframe><\/div><\/div>\n\t\t<\/div>\n\t<\/div>\n<\/div><\/div><\/div><\/div>\n","protected":false},"excerpt":{"rendered":"Todas las canastillas son personalizables para que queden marcadas con tu nombre o el nombre de tu negocio, actualmente contamos con dos tipos de personalizaci\u00f3n de canastillas. Estampado por inducci\u00f3n de calor y moldeado. Nosotros contamos con las herramientas para realizar cualquier tipo de personalizaci\u00f3n. Maquinaria CNC y Maquina Estampadora Estampado por Inducci\u00f3n de Calor [...]","protected":false},"author":2,"featured_media":3085,"parent":0,"menu_order":0,"comment_status":"closed","ping_status":"closed","template":"","meta":{"footnotes":""},"class_list":["post-3163","page","type-page","status-publish","has-post-thumbnail","hentry"],"acf":[],"_links":{"self":[{"href":"https:\/\/empaquesplasticosprofesional.com\/index.php\/wp-json\/wp\/v2\/pages\/3163","targetHints":{"allow":["GET"]}}],"collection":[{"href":"https:\/\/empaquesplasticosprofesional.com\/index.php\/wp-json\/wp\/v2\/pages"}],"about":[{"href":"https:\/\/empaquesplasticosprofesional.com\/index.php\/wp-json\/wp\/v2\/types\/page"}],"author":[{"embeddable":true,"href":"https:\/\/empaquesplasticosprofesional.com\/index.php\/wp-json\/wp\/v2\/users\/2"}],"replies":[{"embeddable":true,"href":"https:\/\/empaquesplasticosprofesional.com\/index.php\/wp-json\/wp\/v2\/comments?post=3163"}],"version-history":[{"count":32,"href":"https:\/\/empaquesplasticosprofesional.com\/index.php\/wp-json\/wp\/v2\/pages\/3163\/revisions"}],"predecessor-version":[{"id":3655,"href":"https:\/\/empaquesplasticosprofesional.com\/index.php\/wp-json\/wp\/v2\/pages\/3163\/revisions\/3655"}],"wp:featuredmedia":[{"embeddable":true,"href":"https:\/\/empaquesplasticosprofesional.com\/index.php\/wp-json\/wp\/v2\/media\/3085"}],"wp:attachment":[{"href":"https:\/\/empaquesplasticosprofesional.com\/index.php\/wp-json\/wp\/v2\/media?parent=3163"}],"curies":[{"name":"wp","href":"https:\/\/api.w.org\/{rel}","templated":true}]}}