{"id":3126,"date":"2022-07-18T12:42:28","date_gmt":"2022-07-18T17:42:28","guid":{"rendered":"https:\/\/empaquesplasticosprofesional.com\/?page_id=3126"},"modified":"2025-01-16T18:24:42","modified_gmt":"2025-01-16T23:24:42","slug":"quienes-somos","status":"publish","type":"page","link":"https:\/\/empaquesplasticosprofesional.com\/index.php\/quienes-somos\/","title":{"rendered":"Quienes Somos"},"content":{"rendered":"<div class=\"vc_row wpb_row vc_row-fluid\"><div class=\"wpb_column vc_column_container vc_col-sm-6\"><div class=\"vc_column-inner\"><div class=\"wpb_wrapper\">\n\t<div class=\"wpb_text_column wpb_content_element \" >\n\t\t<div class=\"wpb_wrapper\">\n\t\t\t<h2 style=\"text-align: center;\">Somos una empresa colombiana especializada en la fabricaci\u00f3n y comercializaci\u00f3n en soluciones de empaque pl\u00e1stico. EMPAQUES PLASTICOS PROFESIONAL fabrica y comercializa <b>canastillas pl\u00e1sticas en polietileno de alta densidad<\/b>, material que garantiza resistencia, durabilidad y calidad.<\/h2>\n\n\t\t<\/div>\n\t<\/div>\n<\/div><\/div><\/div><div class=\"wpb_column vc_column_container vc_col-sm-6\"><div class=\"vc_column-inner\"><div class=\"wpb_wrapper\">\n\t<div class=\"wpb_video_widget wpb_content_element vc_clearfix   vc_custom_1658167597511 vc_video-aspect-ratio-169 vc_video-el-width-100 vc_video-align-left\" >\n\t\t<div class=\"wpb_wrapper\">\n\t\t\t\n\t\t\t<div class=\"wpb_video_wrapper\"><div class=\"video-container\"><iframe loading=\"lazy\" title=\"Empaques Pl\u00e1sticos Profesional\" width=\"640\" height=\"360\" src=\"https:\/\/www.youtube.com\/embed\/iNDPpULoxiA?feature=oembed\" frameborder=\"0\" allow=\"accelerometer; autoplay; clipboard-write; encrypted-media; gyroscope; picture-in-picture; web-share\" referrerpolicy=\"strict-origin-when-cross-origin\" allowfullscreen><\/iframe><\/div><\/div>\n\t\t<\/div>\n\t<\/div>\n<\/div><\/div><\/div><\/div><div class=\"vc_row wpb_row vc_row-fluid\"><div class=\"wpb_column vc_column_container vc_col-sm-12\"><div class=\"vc_column-inner\"><div class=\"wpb_wrapper\">\n\t<div class=\"wpb_text_column wpb_content_element \" >\n\t\t<div class=\"wpb_wrapper\">\n\t\t\t<h2 style=\"text-align: center;\">Nuestros empaques son vers\u00e1tiles y se adaptan a las necesidades de almacenamiento, cargue y transporte de variedad de productos del sector agr\u00edcola, industrial y comercial. Ofrecemos soluciones eficaces y eficientes que contribuyen a la preservaci\u00f3n del medio ambiente y generan valor. Siempre adem\u00e1s respaldado por un excelente equipo humano dispuesto a prestar el mejor servicio.<\/h2>\n\n\t\t<\/div>\n\t<\/div>\n<\/div><\/div><\/div><\/div><div class=\"vc_row wpb_row vc_row-fluid\"><div class=\"wpb_column vc_column_container vc_col-sm-12\"><div class=\"vc_column-inner\"><div class=\"wpb_wrapper\"><div class=\"vc_separator wpb_content_element vc_separator_align_center vc_sep_width_100 vc_sep_pos_align_center vc_sep_color_grey vc_separator-has-text\" ><span class=\"vc_sep_holder vc_sep_holder_l\"><span  class=\"vc_sep_line\"><\/span><\/span><h4>CONTACTANOS<\/h4><span class=\"vc_sep_holder vc_sep_holder_r\"><span  class=\"vc_sep_line\"><\/span><\/span>\n<\/div><\/div><\/div><\/div><\/div><div class=\"vc_row wpb_row vc_row-fluid\"><div class=\"wpb_column vc_column_container vc_col-sm-6\"><div class=\"vc_column-inner\"><div class=\"wpb_wrapper\"><div class=\"vc_separator wpb_content_element vc_separator_align_center vc_sep_width_100 vc_sep_pos_align_center vc_sep_color_grey vc_separator-has-text\" ><span class=\"vc_sep_holder vc_sep_holder_l\"><span  class=\"vc_sep_line\"><\/span><\/span><h4>Nuestra Ubicaci\u00f3n<\/h4><span class=\"vc_sep_holder vc_sep_holder_r\"><span  class=\"vc_sep_line\"><\/span><\/span>\n<\/div><div class=\"wpb_gmaps_widget wpb_content_element\"><div class=\"wpb_wrapper\"><div class=\"wpb_map_wraper\"><iframe src=\"https:\/\/www.google.com\/maps\/embed?pb=!1m18!1m12!1m3!1d5157.2460955741735!2d-74.16041073346058!3d4.633245238794556!2m3!1f0!2f0!3f0!3m2!1i1024!2i768!4f13.1!3m3!1m2!1s0x8e3f9d0bc3c9e215%3A0x291e553e19d55da0!2sEmpaques%20Pl%C3%A1sticos%20Profesional%20-%20F%C3%A1brica%20de%20canastillas!5e0!3m2!1ses-419!2sco!4v1705686805795!5m2!1ses-419!2sco\" width=\"600\" height=\"450\" style=\"border:0;\" allowfullscreen=\"\" loading=\"lazy\" referrerpolicy=\"no-referrer-when-downgrade\"><\/iframe><\/div><\/div><\/div><\/div><\/div><\/div><div class=\"wpb_column vc_column_container vc_col-sm-6\"><div class=\"vc_column-inner\"><div class=\"wpb_wrapper\"><div class=\"vc_separator wpb_content_element vc_separator_align_center vc_sep_width_100 vc_sep_pos_align_center vc_sep_color_grey vc_separator-has-text\" ><span class=\"vc_sep_holder vc_sep_holder_l\"><span  class=\"vc_sep_line\"><\/span><\/span><h4>Direcci\u00f3n y Telefono<\/h4><span class=\"vc_sep_holder vc_sep_holder_r\"><span  class=\"vc_sep_line\"><\/span><\/span>\n<\/div>\n\t<div class=\"wpb_text_column wpb_content_element \" >\n\t\t<div class=\"wpb_wrapper\">\n\t\t\t<h3><\/h3>\n<h3><\/h3>\n<h3 style=\"text-align: center;\">Bogot\u00e1 D.C.<\/h3>\n<h5><\/h5>\n<h5 style=\"text-align: center;\"><em>(+57) 311 478 6011<br \/>\n<\/em><em>(+57) 322 236 0328<br \/>\n<\/em>(+57) 314 4891936<br \/>\n<em>Transversal 81c # 34A-38 sur<\/em><\/h5>\n\n\t\t<\/div>\n\t<\/div>\n\n\t<div class=\"wpb_text_column wpb_content_element \" >\n\t\t<div class=\"wpb_wrapper\">\n\t\t\t<p style=\"text-align: center;\">Comun\u00edcate tambi\u00e9n v\u00eda WhastApp<\/p>\n\n\t\t<\/div>\n\t<\/div>\n<div class=\"vc_btn3-container vc_btn3-center\" ><a class=\"vc_general vc_btn3 vc_btn3-size-md vc_btn3-shape-rounded vc_btn3-style-modern vc_btn3-icon-left vc_btn3-color-success\" href=\"http:\/\/wa.link\/ixu9el\" title=\"\"><i class=\"vc_btn3-icon fas fa-phone-alt\"><\/i> WhatsApp<\/a><\/div><\/div><\/div><\/div><\/div>\n","protected":false},"excerpt":{"rendered":"Somos una empresa colombiana especializada en la fabricaci\u00f3n y comercializaci\u00f3n en soluciones de empaque pl\u00e1stico. EMPAQUES PLASTICOS PROFESIONAL fabrica y comercializa canastillas pl\u00e1sticas en polietileno de alta densidad, material que garantiza resistencia, durabilidad y calidad. Nuestros empaques son vers\u00e1tiles y se adaptan a las necesidades de almacenamiento, cargue y transporte de variedad de productos del [...]","protected":false},"author":2,"featured_media":0,"parent":0,"menu_order":0,"comment_status":"closed","ping_status":"closed","template":"","meta":{"footnotes":""},"class_list":["post-3126","page","type-page","status-publish","hentry"],"acf":[],"_links":{"self":[{"href":"https:\/\/empaquesplasticosprofesional.com\/index.php\/wp-json\/wp\/v2\/pages\/3126","targetHints":{"allow":["GET"]}}],"collection":[{"href":"https:\/\/empaquesplasticosprofesional.com\/index.php\/wp-json\/wp\/v2\/pages"}],"about":[{"href":"https:\/\/empaquesplasticosprofesional.com\/index.php\/wp-json\/wp\/v2\/types\/page"}],"author":[{"embeddable":true,"href":"https:\/\/empaquesplasticosprofesional.com\/index.php\/wp-json\/wp\/v2\/users\/2"}],"replies":[{"embeddable":true,"href":"https:\/\/empaquesplasticosprofesional.com\/index.php\/wp-json\/wp\/v2\/comments?post=3126"}],"version-history":[{"count":26,"href":"https:\/\/empaquesplasticosprofesional.com\/index.php\/wp-json\/wp\/v2\/pages\/3126\/revisions"}],"predecessor-version":[{"id":3658,"href":"https:\/\/empaquesplasticosprofesional.com\/index.php\/wp-json\/wp\/v2\/pages\/3126\/revisions\/3658"}],"wp:attachment":[{"href":"https:\/\/empaquesplasticosprofesional.com\/index.php\/wp-json\/wp\/v2\/media?parent=3126"}],"curies":[{"name":"wp","href":"https:\/\/api.w.org\/{rel}","templated":true}]}}

<div class="vc_row wpb_row vc_row-fluid"><div class="wpb_column vc_column_container vc_col-sm-6"><div class="vc_column-inner"><div class="wpb_wrapper">
	<div class="wpb_text_column wpb_content_element " >
		<div class="wpb_wrapper">
			<h2 style="text-align: center;">Somos una empresa colombiana especializada en la fabricación y comercialización en soluciones de empaque plástico. EMPAQUES PLASTICOS PROFESIONAL fabrica y comercializa <b>canastillas plásticas en polietileno de alta densidad</b>, material que garantiza resistencia, durabilidad y calidad.</h2>

		</div>
	</div>
</div></div></div><div class="wpb_column vc_column_container vc_col-sm-6"><div class="vc_column-inner"><div class="wpb_wrapper">
	<div class="wpb_video_widget wpb_content_element vc_clearfix   vc_custom_1658167597511 vc_video-aspect-ratio-169 vc_video-el-width-100 vc_video-align-left" >
		<div class="wpb_wrapper">
			
			<div class="wpb_video_wrapper"><div class="video-container"><iframe loading="lazy" title="Empaques Plásticos Profesional" width="640" height="360" src="https://www.youtube.com/embed/iNDPpULoxiA?feature=oembed" frameborder="0" allow="accelerometer; autoplay; clipboard-write; encrypted-media; gyroscope; picture-in-picture; web-share" referrerpolicy="strict-origin-when-cross-origin" allowfullscreen></iframe></div></div>
		</div>
	</div>
</div></div></div></div><div class="vc_row wpb_row vc_row-fluid"><div class="wpb_column vc_column_container vc_col-sm-12"><div class="vc_column-inner"><div class="wpb_wrapper">
	<div class="wpb_text_column wpb_content_element " >
		<div class="wpb_wrapper">
			<h2 style="text-align: center;">Nuestros empaques son versátiles y se adaptan a las necesidades de almacenamiento, cargue y transporte de variedad de productos del sector agrícola, industrial y comercial. Ofrecemos soluciones eficaces y eficientes que contribuyen a la preservación del medio ambiente y generan valor. Siempre además respaldado por un excelente equipo humano dispuesto a prestar el mejor servicio.</h2>

		</div>
	</div>
</div></div></div></div><div class="vc_row wpb_row vc_row-fluid"><div class="wpb_column vc_column_container vc_col-sm-12"><div class="vc_column-inner"><div class="wpb_wrapper"><div class="vc_separator wpb_content_element vc_separator_align_center vc_sep_width_100 vc_sep_pos_align_center vc_sep_color_grey vc_separator-has-text" ><span class="vc_sep_holder vc_sep_holder_l"><span  class="vc_sep_line"></span></span><h4>CONTACTANOS</h4><span class="vc_sep_holder vc_sep_holder_r"><span  class="vc_sep_line"></span></span>
</div></div></div></div></div><div class="vc_row wpb_row vc_row-fluid"><div class="wpb_column vc_column_container vc_col-sm-6"><div class="vc_column-inner"><div class="wpb_wrapper"><div class="vc_separator wpb_content_element vc_separator_align_center vc_sep_width_100 vc_sep_pos_align_center vc_sep_color_grey vc_separator-has-text" ><span class="vc_sep_holder vc_sep_holder_l"><span  class="vc_sep_line"></span></span><h4>Nuestra Ubicación</h4><span class="vc_sep_holder vc_sep_holder_r"><span  class="vc_sep_line"></span></span>
</div><div class="wpb_gmaps_widget wpb_content_element"><div class="wpb_wrapper"><div class="wpb_map_wraper"><iframe src="https://www.google.com/maps/embed?pb=!1m18!1m12!1m3!1d5157.2460955741735!2d-74.16041073346058!3d4.633245238794556!2m3!1f0!2f0!3f0!3m2!1i1024!2i768!4f13.1!3m3!1m2!1s0x8e3f9d0bc3c9e215%3A0x291e553e19d55da0!2sEmpaques%20Pl%C3%A1sticos%20Profesional%20-%20F%C3%A1brica%20de%20canastillas!5e0!3m2!1ses-419!2sco!4v1705686805795!5m2!1ses-419!2sco" width="600" height="450" style="border:0;" allowfullscreen="" loading="lazy" referrerpolicy="no-referrer-when-downgrade"></iframe></div></div></div></div></div></div><div class="wpb_column vc_column_container vc_col-sm-6"><div class="vc_column-inner"><div class="wpb_wrapper"><div class="vc_separator wpb_content_element vc_separator_align_center vc_sep_width_100 vc_sep_pos_align_center vc_sep_color_grey vc_separator-has-text" ><span class="vc_sep_holder vc_sep_holder_l"><span  class="vc_sep_line"></span></span><h4>Dirección y Telefono</h4><span class="vc_sep_holder vc_sep_holder_r"><span  class="vc_sep_line"></span></span>
</div>
	<div class="wpb_text_column wpb_content_element " >
		<div class="wpb_wrapper">
			<h3></h3>
<h3></h3>
<h3 style="text-align: center;">Bogotá D.C.</h3>
<h5></h5>
<h5 style="text-align: center;"><em>(+57) 311 478 6011<br />
</em><em>(+57) 322 236 0328<br />
</em>(+57) 314 4891936<br />
<em>Transversal 81c # 34A-38 sur</em></h5>

		</div>
	</div>

	<div class="wpb_text_column wpb_content_element " >
		<div class="wpb_wrapper">
			<p style="text-align: center;">Comunícate también vía WhastApp</p>

		</div>
	</div>
<div class="vc_btn3-container vc_btn3-center" ><a class="vc_general vc_btn3 vc_btn3-size-md vc_btn3-shape-rounded vc_btn3-style-modern vc_btn3-icon-left vc_btn3-color-success" href="http://wa.link/ixu9el" title=""><i class="vc_btn3-icon fas fa-phone-alt"></i> WhatsApp</a></div></div></div></div></div>

Somos una empresa colombiana especializada en la fabricación y comercialización en soluciones de empaque plástico. EMPAQUES PLASTICOS PROFESIONAL fabrica y comercializa canastillas plásticas en polietileno de alta densidad, material que garantiza resistencia, durabilidad y calidad. Nuestros empaques son versátiles y se adaptan a las necesidades de almacenamiento, cargue y transporte de variedad de productos del [...]
